n divisor of s and y.
23
Let o be -5 + -3*(-8)/(-12). Let p = -4 - o. Suppose -300 = -7*x + p*x. What is the greatest common factor of x and 30?
15
Let d = -70 + 74. Suppose -42 + 150 = d*u. Calculate the highest common factor of u and 3.
3
Let m = 11 - 7. Suppose -4*l - 2*d - 122 = 0, l + 8 = m*d - 36. Let c = 34 - l. What is the highest common divisor of 6 and c?
6
Let o(l) = 16*l - 64. Let m be o(5). Suppose 63 = -9*y + m*y. Calculate the highest common divisor of 9 and y.
9
Let p be 4/2 + -2 + -3. Let v be (-25 + 2)*(-4 - (p + 0)). What is the greatest common divisor of v and 69?
23
Suppose -5*m + 6*m + 1 = 0. Let i be 35/6 + m + (-28)/(-24). What is the greatest common factor of i and 3?
3
Suppose 22 = -5*j + 2, -5*a + 7584 = 4*j. What is the highest common factor of 160 and a?
80
Suppose -1973 = -43*c + 21763. Calculate the highest common factor of c and 69.
69
Suppose 274 = 3*c + 5*t, t + 350 = c + 3*c. What is the highest common factor of c and 11?
11
Let m(q) = -3*q**2 - 10*q - 105. Let j(u) = u**2 + 3*u + 35. Let g(p) = -11*j(p) - 4*m(p). Let d be g(-15). What is the greatest common divisor of 62 and d?
31
Let z = -77 - -79. Let h be 1 + (3 + -7 - (z + -133)). Calculate the greatest common divisor of h and 8.
8
Let g be (979/(-267))/(266/(-132) - -2). Calculate the highest common factor of 1331 and g.
121
Let r = -1293 + 1500. Calculate the greatest common factor of 253 and r.
23
Let r = 72 + -67. Suppose 0*y = -r*u - y + 592, -y = -5*u + 598. Calculate the highest common factor of u and 17.
17
Suppose -2*d - 2484 = -38*d. Calculate the greatest common factor of d and 3.
3
Suppose -187 = -17*s + 306. What is the greatest common divisor of 232 and s?
29
Suppose -3*z + 0*z + 3*q = 12, -3*z - 3*q = -12. Let f(y) = -5 - 2*y**2 + 1 + 3*y**2 + z*y**2. Let i be f(-9). What is the greatest common factor of 11 and i?
11
Suppose 3*r - 170 = -2*m, -2*r - 3*m + 72 = -43. What is the highest common divisor of r and 104?
8
Suppose -2*f - 2 = -24. Let t(q) = -q**2 + 16*q + 7. Let r be t(f). Suppose 3*a - r = 5*v + 43, 5*v - 140 = -4*a. What is the highest common factor of 7 and a?
7
Let w = -17 - -59. Suppose 0*g - 2*g = -w. Let i(c) = -c**3 + 2*c + 28. Let v be i(-4). What is the highest common factor of v and g?
21
Let n(i) = -i**3 - 14*i**2 - 8*i + 117. Let y be n(-15). What is the greatest common factor of 147 and y?
21
Suppose 5*c - 99 = -3*t, 259 - 57 = 5*t - 4*c. Let w(p) = -114*p**3 + p + 1. Let v be w(-1). Calculate the greatest common factor of t and v.
38
Suppose -8*h = -63 + 15. Let z be (12/(-2))/(h/(-45)). Let m(y) = y + 4. Let i be m(5). Calculate the greatest common divisor of i and z.
9
Suppose 196*s = 220*s - 13992. What is the greatest common divisor of 11 and s?
11
Let r be 1*(1 + 0 + 24). Suppose -2*s - 2*z = -0*z - 4, -5*z - 5 = 2*s. What is the highest common factor of s and r?
5
Let q(j) = 2*j**2 - 7*j + 1. Let f be q(4). Let m be 51/f - (-2)/(-10). Let p = 151 + m. What is the greatest common divisor of 23 and p?
23
Suppose 8*m - 5*m + 222 = 0. Let w = m + 106. Calculate the greatest common factor of 8 and w.
8
Let y(w) = 4*w**2 - 7*w + 25. Let k(x) = 3*x**2 - 5*x + 17. Let n(h) = 7*k(h) - 5*y(h). Let f be n(9). Calculate the highest common divisor of f and 3.
3
Suppose 3*q - 868 = -3*s + 8*q, 5*q + 587 = 2*s. Suppose s = 5*w + 3*o, -4*w + 3*o + 94 = -147. Calculate the greatest common divisor of 145 and w.
29
Let a = 1 + 6. Let k(z) = z**3 + 5*z**2 - 7*z + 8. Let q be ((-6)/(-1))/(1 - 2). Let i be k(q). Calculate the greatest common factor of a and i.
7
Suppose -4*x + 2*x + 13 = 5*i, -11 = -3*x + i. Suppose 16 = 5*s - x. Let m = 23 - 15. What is the highest common factor of m and s?
4
Suppose -4*u = 5*i - 29 + 12, -2*i + 8 = 2*u. Let q(x) = 17*x**2 + 4*x - 4. Let d be q(i). Calculate the greatest common divisor of 51 and d.
17
Suppose -c + 34 = 4*l, 5*c - 174 = c + 3*l. Let p = 82 + -40. Suppose 4*r - p = r. What is the highest common divisor of c and r?
14
Let y = 2066 - 2035. Calculate the highest common factor of 155 and y.
31
Suppose 5*i - 130 = 50. Let z be (2/6)/((-6)/i). Let x(q) = 3*q**2 + q - 2. Let n be x(z). What is the highest common divisor of 24 and n?
8
Let k = -18 + 21. Let s be (-60)/(15/(-3)) - k. What is the greatest common divisor of 99 and s?
9
Let i be (0 + 4 + 14)/((-2)/9). Let x = i + 99. Calculate the highest common divisor of 18 and x.
18
Suppose -49*d + 46*d = 6, s - 4*d = 128. Calculate the highest common divisor of s and 42.
6
Let t(i) = i - 5. Let k be t(-11). Let b = k + 11. Let j = b - -26. Calculate the highest common divisor of j and 3.
3
Suppose 412*l = 416*l - 56. Let n = 177 - 51. Calculate the highest common divisor of n and l.
14
Let l be (-14)/(-28)*(-102)/4*-44. Suppose 7*d = -10*d + l. Calculate the highest common factor of d and 44.
11
Suppose 0*p - 5*p + 255 = 0. Let y = p - -130. Suppose -3*f + 8 = -7*f, -3*b - 4*f = -y. Calculate the greatest common factor of b and 9.
9
Suppose 2*n = 5*y + 4 + 2, -2*n = 2*y - 20. Let v be (11 - 8)/(1/(-1)). Let r = n + v. What is the greatest common divisor of r and 20?
5
Let o be (-16 - -15)*28/2*-1. Let s(w) = -5*w**3 + 2*w**2 - 4*w - 7. Let d be s(-2). What is the highest common divisor of d and o?
7
Let a(t) = -t**2 + 7*t - 4. Let c be a(6). Let x be (2/(-3))/(c/3). Let u be x*(8/4 - 11). What is the highest common factor of 81 and u?
9
Suppose -257 = -5*d - 17. Let z(u) = 23*u**2 - 24*u - 87. Let w be z(-3). What is the highest common divisor of w and d?
48
Let v(r) = 3*r**2 - 3*r + 35. Let p be v(6). Calculate the greatest common factor of p and 50.
25
Let l = -1305 - -1325. Let p(z) = 6*z**2 - 4*z. Let c be p(4). What is the highest common divisor of l and c?
20
Let h(a) = 3*a - 16. Let f be h(6). Suppose -2*q = -f*r + 2 + 6, 2 = -q. Calculate the highest common factor of r and 5.
1
Suppose 2*n + 0*v - 320 = -3*v, -4*n - 2*v = -640. Calculate the greatest common factor of n and 5.
5
Let y(k) = -k**2 - 8*k - 2. Let f be y(-7). Suppose f*m + 5 = 35. Suppose i - 3*l = 42, -6 - m = 3*l. Calculate the greatest common divisor of 15 and i.
15
Let j(r) = r**2 - 2*r - 15. Let l = 24 - 17. Let s be j(l). What is the highest common divisor of s and 4?
4
Let w = 3 + 16. Suppose t - 57 = -2*t. What is the highest common factor of w and t?
19
Suppose b + 0*b = 0. Suppose b = 4*s - k - 13, 4*s + 2*k = 5 + 5. Suppose -y - 3*u + 39 = 0, y + 108 = s*y - 4*u. What is the greatest common factor of y and 6?
6
Suppose 0 = 3*o + 2*u - 20, 0 = 5*o - 5*u - 26 - 24. Suppose -o = 4*k - 12. What is the greatest common divisor of 3 and k?
1
Let d(z) = z**3 + 19*z**2 + 23*z + 8. Let f be d(-17). Calculate the highest common factor of 1105 and f.
65
Suppose 47*p - 866 - 3740 = 0. What is the greatest common factor of 154 and p?
14
Let q be (-20)/6 + 3/9 + 6. Suppose -v = -2*z - 5*v + 14, 0 = q*v + 6. Calculate the greatest common factor of 11 and z.
11
Let l be (-6)/(-27) + (-350)/(-45). Suppose 367 = 4*p - 5*b, -2*b + 644 = 5*p + 210. Calculate the greatest common divisor of l and p.
8
Suppose 0 = 5*x - 6*v + 3*v - 75, 2*v = 10. Suppose -278 = -4*d - 2*n, 5*d - 4*n = 261 + 119. What is the greatest common divisor of x and d?
18
Let u = -30 + 38. Suppose -u*w = -6*w - 2. Calculate the greatest common factor of w and 4.
1
Let k be (1 - 3) + -3 + 14. Suppose -4*v + 15 = z - 20, 0 = 4*z - 2*v - 104. What is the greatest common factor of k and z?
9
Let p be (-40)/(-3) - 1/3. Suppose -84 = 5*j + 2*f + f, 3*f - 51 = 4*j. Let r be 121 - (j/(-5) + 1). Calculate the greatest common factor of p and r.
13
Suppose 0 = b - 6*b. Let m be (-54)/((-12)/4) + b. Calculate the greatest common factor of 45 and m.
9
Let b = 37 - 25. Let a = b - 7. Let s = -58 + 93. What is the highest common divisor of a and s?
5
Suppose 45*v - 53*v + 24 = 0. Let k(j) = j**3 - j**2 + 5*j - 5. Let y be k(2). What is the highest common divisor of y and v?
3
Let w be ((-323)/(-266) - 2/(-7))*28. Let v(k) = 1 - 3*k**3 - 2*k**3 + 0. Let r be v(-1). What is the greatest common factor of w and r?
6
Let y = -4129 - -4139. Suppose -f - 2*f + 12 = 0. What is the greatest common divisor of f and y?
2
Suppose 22 - 150 = 4*g. Let c = 34 + g. What is the greatest common divisor of 18 and c?
2
Let y(t) = 4*t**2 - 2